s divided by 12.
11
What is the remainder when 16358467 is divided by 56800?
67
What is the remainder when 2171794 is divided by 5050?
294
Calculate the remainder when 2588 is divided by 2375.
213
Calculate the remainder when 10092555 is divided by 504626.
35
Calculate the remainder when 4237091 is divided by 304.
243
Calculate the remainder when 5536842 is divided by 122.
116
Calculate the remainder when 184215 is divided by 184190.
25
What is the remainder when 3146610 is divided by 14238?
12
Calculate the remainder when 13402069 is divided by 392.
373
Calculate the remainder when 19537851 is divided by 8950.
1
Calculate the remainder when 125734 is divided by 12.
10
What is the remainder when 2957632 is divided by 406?
328
Calculate the remainder when 132764976 is divided by 239.
237
Calculate the remainder when 29310802 is divided by 61064.
82
What is the remainder when 71655 is divided by 17809?
419
Calculate the remainder when 11458 is divided by 803.
216
What is the remainder when 19294 is divided by 8101?
3092
Calculate the remainder when 736188 is divided by 122671.
162
Calculate the remainder when 2234477 is divided by 45601.
28
What is the remainder when 65460 is divided by 29361?
6738
What is the remainder when 179385 is divided by 1404?
1077
What is the remainder when 2735976 is divided by 20?
16
What is the remainder when 8819628 is divided by 227?
224
Calculate the remainder when 131039861 is divided by 118.
35
Calculate the remainder when 92298504 is divided by 578.
574
Calculate the remainder when 6358435 is divided by 808.
283
Calculate the remainder when 20751548 is divided by 91.
90
What is the remainder when 848968 is divided by 401?
51
What is the remainder when 1342564 is divided by 106?
74
What is the remainder when 10046377 is divided by 551?
545
Calculate the remainder when 1701694 is divided by 56.
22
What is the remainder when 52440637 is divided by 8074?
7
What is the remainder when 460767 is divided by 92149?
22
What is the remainder when 50911102 is divided by 329?
326
Calculate the remainder when 17852373 is divided by 119.
112
Calculate the remainder when 20539174 is divided by 6846379.
37
What is the remainder when 42904 is divided by 14198?
310
What is the remainder when 565643 is divided by 188506?
125
Calculate the remainder when 623297 is divided by 12984.
65
What is the remainder when 33630 is divided by 156?
90
What is the remainder when 5956 is divided by 202?
98
Calculate the remainder when 2835457 is divided by 69157.
20
What is the remainder when 85051338 is divided by 68?
66
Calculate the remainder when 330950 is divided by 1351.
1306
What is the remainder when 2461519 is divided by 931?
886
Calculate the remainder when 98590331 is divided by 198.
191
What is the remainder when 265686 is divided by 124?
78
Calculate the remainder when 81819670 is divided by 10227458.
6
Calculate the remainder when 2413934 is divided by 120694.
54
What is the remainder when 22948 is divided by 477?
52
What is the remainder when 177816436 is divided by 54?
52
What is the remainder when 35523 is divided by 6808?
1483
What is the remainder when 2347545 is divided by 50?
45
What is the remainder when 778404 is divided by 1922?
1916
What is the remainder when 267581 is divided by 679?
55
Calculate the remainder when 427103944 is divided by 1475.
1469
What is the remainder when 124783 is divided by 402?
163
Calculate the remainder when 52596 is divided by 2425.
1671
What is the remainder when 25592197 is divided by 25592184?
13
What is the remainder when 866331 is divided by 3438?
3393
Calculate the remainder when 533754 is divided by 66677.
338
What is the remainder when 18898 is divided by 15868?
3030
Calculate the remainder when 335181 is divided by 107314.
13239
Calculate the remainder when 62739059 is divided by 344.
339
What is the remainder when 14883894 is divided by 1361?
1359
Calculate the remainder when 394647 is divided by 1038.
207
Calculate the remainder when 9603693 is divided by 342.
333
Calculate the remainder when 1086685 is divided by 222.
217
Calculate the remainder when 9111910 is divided by 53.
44
What is the remainder when 32055 is divided by 914?
65
What is the remainder when 793898 is divided by 2716?
826
Calculate the remainder when 4900516 is divided by 3564.
16
What is the remainder when 29583956 is divided by 27042?
8
Calculate the remainder when 45353 is divided by 1746.
1703
What is the remainder when 9612052 is divided by 31?
6
Calculate the remainder when 10652200 is divided by 4980.
4960
Calculate the remainder when 3355427 is divided by 1118448.
83
What is the remainder when 1275809 is divided by 51031?
34
What is the remainder when 5976672 is divided by 55339?
60
What is the remainder when 12642634 is divided by 4213970?
724
What is the remainder when 7851948 is divided by 181?
168
What is the remainder when 244837 is divided by 48964?
17
Calculate the remainder when 2229702 is divided by 113.
99
What is the remainder when 347435 is divided by 13334?
751
What is the remainder when 2346767 is divided by 683?
662
What is the remainder when 74601 is divided by 37124?
353
Calculate the remainder when 4818165 is divided by 6450.
15
Calculate the remainder when 5211907 is divided by 1148.
1135
What is the remainder when 11938 is divided by 1677?
199
What is the remainder when 15927347 is divided by 1902?
1901
What is the remainder when 76630554 is divided by 32?
26
What is the remainder when 1092032 is divided by 4475?
132
Calculate the remainder when 52323 is divided by 2100.
1923
Calculate the remainder when 250999 is divided by 197.
21
What is the remainder when 1380600 is divided by 41833?
111
What is the remainder when 11159700 is divided by 17?
16
Calculate the remainder when 3165698 is divided by 1055221.
35
What is the remainder when 1938285 is divided by 210?
195
What is the remainder when 718287 is divided by 9976?
15
Calculate the remainder when 11400245 is divided by 744.
677
What is the remainder when 17991 is divided by 1345?
506
Calculate the remainder when 15727623 is divided by 182879.
29
What is the remainder when 4253475 is divided by 708908?
27
What is the remainder when 1624554 is divided by 175?
29
Calculate the remainder when 238278 is divided by 165.
18
What is the remainder when 4217 is divided by 3684?
533
What is the remainder when 54929933 is divided by 7587?
53
What is the remainder when 29804 is divided by 2402?
980
What is the remainder when 221262 is divided by 1177?
1163
What is the remainder when 169258 is divided by 907?
556
Calculate the remainder when 16407806 is divided by 23.
20
Calculate the remainder when 211861 is divided by 30194.
503
What is the remainder when 113062339 is divided by 103?
63
Calculate the remainder when 1227296 is divided by 123.
2
What is the remainder when 22450510 is divided by 6?
4
Calculate the remainder when 663455 is divided by 4641.
4433
Calculate the remainder when 13673203 is divided by 945.
943
What is the remainder when 159448897 is divided by 5?
2
What is the remainder when 631957 is divided by 631955?
2
What is the remainder when 1070466 is divided by 39643?
105
What is the remainder when 6804845 is divided by 38?
33
Calculate the remainder when 1498987 is divided by 99931.
22
What is the remainder when 3161035 is divided by 410?
345
What is the remainder when 6908204 is divided by 23?
16
Calculate the remainder when 5685729 is divided by 758.
729
What is the remainder when 1313325 is divided by 522?
495
Calculate the remainder when 119214 is divided by 1208.
830
Calculate the remainder when 20556517 is divided by 31.
14
Calculate the remainder when 22748242 is divided by 51005.
12
Calculate the remainder when 5496586 is divided by 130.
56
Calculate the remainder when 5040682 is divided by 15321.
73
Calculate the remainder when 8819585 is divided by 137806.
1
What is the remainder when 52304 is divided by 2798?
1940
What is the remainder when 11638670 is divided by 83?
78
Calculate the remainder when 47325 is divided by 1584.
1389
Calculate the remainder when 1599484 is divided by 121.
106
What is the remainder when 5655569 is divided by 95857?
6
Calculate the remainder when 34331177 is divided by 622.
509
What is 